11110101 (base 2) to base 14
11565
14122403 (base 5) to base 12
70149
What is 6109a (base 11) in base 3?
11112110220
What is -3410251 (base 6) in base 15?
-36181
What is 3047920 (base 10) in base 13?
829405
Convert 10000010101110000101 (base 2) to base 8.
2025605
What is 20033330022 (base 4) in base 13?
5a9369
1690634 (base 10) to base 7
20240651
What is 14786637 (base 9) in base 5?
3342120313
Convert 31103 (base 15) to base 10.
155478
What is -25010435 (base 7) in base 5?
-1033103304
What is -2215065 (base 7) in base 14?
-71735
Convert 115781 (base 14) to base 3.
1010001022101
-11111000010100100001001 (base 2) to base 14
-111b521
What is -2200220101011 (base 3) in base 11?
-8a0107
Convert 25342052 (base 6) to base 2.
11001000101101110000
What is 410643 (base 10) in base 5?
101120033
122223021103 (base 4) to base 16
6ab253
103227 (base 9) to base 4
32333233
What is 141003010 (base 6) in base 16?
2b6fce
Convert -4b34649 (base 12) to base 2.
-111000010001010110011001
11101000011110011110 (base 2) to base 9
1711174
What is 4551402 (base 6) in base 15?
48c9b
What is 1671d (base 16) in base 5?
10420213
What is -11231424 (base 5) in base 8?
-307342
Convert -2427663 (base 8) to base 6.
-22150335
-122322022 (base 4) to base 10
-110218
What is 16010325 (base 8) in base 16?
3810d5
Convert -1235d7 (base 16) to base 3.
-2020122002011
Convert -7665404 (base 8) to base 13.
-571267
Convert 1989790 (base 10) to base 4.
13211302132
Convert 521075 (base 11) to base 12.
343926
Convert -229068 (base 10) to base 16.
-37ecc
Convert -109179 (base 11) to base 5.
-21020422
What is -24056112 (base 7) in base 5?
-1021204203
What is 1425040 (base 6) in base 12?
3b180
What is 4094ca (base 15) in base 9?
5686741
2126a8 (base 11) to base 3
122021201211
Convert 74961a (base 14) to base 7.
45345333
What is -71a613 (base 11) in base 16?
-11a3d0
Convert -11102011111 (base 3) to base 13.
-30706
Convert 1321212310 (base 4) to base 6.
14402004
-38a906 (base 12) to base 4
-3203102112
Convert 2002031111 (base 4) to base 12.
218785
Convert 8023886 (base 10) to base 12.
282b552
-434103312 (base 5) to base 13
-502c55
22005666 (base 7) to base 9
3481863
Convert 488138 (base 12) to base 5.
300101403
What is -145217 (base 10) in base 6?
-3040145
Convert 40532252 (base 6) to base 10.
1163048
508571 (base 9) to base 6
10244014
What is a729c (base 14) in base 12?
1758a2
Convert -45333221 (base 7) to base 12.
-13a093b
-14405806 (base 10) to base 5
-12141441211
Convert -12307432 (base 9) to base 3.
-102100021111002
What is 18330 (base 15) in base 16?
13209
Convert 3525471 (base 8) to base 9.
1724632
Convert -10000110110010110110 (base 2) to base 6.
-15500034
What is -11355756 (base 9) in base 11?
-3136813
What is 131013000 (base 5) in base 4?
2130221121
Convert -31c1b (base 14) to base 13.
-42a32
What is -287638 (base 9) in base 5?
-21114320
What is -5aa7bc (base 13) in base 7?
-24256033
-153583 (base 11) to base 12
-b6341
What is 12120322 (base 5) in base 15?
23ae2
-11042442 (base 6) to base 15
-68738
-11260121 (base 7) to base 2
-11110001100001011100
-111100011111100 (base 2) to base 9
-46433
Convert 39aa6d (base 15) to base 16.
2a43bd
What is 2012101211000 (base 3) in base 4?
10131130131
Convert 179b39 (base 12) to base 15.
81c60
Convert 1065325 (base 8) to base 6.
10112125
What is -1001010000001011111101 (base 2) in base 16?
-2502fd
Convert 1101001110000100101 (base 2) to base 4.
1221300211
-9bb7c0 (base 15) to base 11
-4215404
e82a7 (base 16) to base 9
1708412
Convert 433354 (base 8) to base 3.
21101002021
What is 934f5b (base 16) in base 11?
54a4301
Convert -655604 (base 7) to base 4.
-130002230
Convert -385b112 (base 12) to base 3.
-202211111011212
-3b426 (base 13) to base 11
-76078
14406204 (base 7) to base 4
11030321013
Convert 1001111111001101010 (base 2) to base 8.
1177152
-4554505 (base 6) to base 12
-b2a35
What is 2130333132 (base 4) in base 9?
1180066
13453122 (base 6) to base 12
1a11a2
-a0907 (base 11) to base 6
-3054522
2012210200 (base 3) to base 13
16ac7
What is -9357a (base 14) in base 11?
-222846
What is -1cc0a (base 14) in base 11?
-50416
What is -185a52 (base 14) in base 8?
-3221350
6f8d (base 16) to base 4
12332031
What is -3132082 (base 11) in base 9?
-11346280
What is 2752 (base 14) in base 2?
1101100010100
101000011010000111011 (base 2) to base 16
14343b
-6605303 (base 7) to base 13
-224081
135aba5 (base 12) to base 13
a4c96c
What is 2d796 (base 14) in base 12?
55b88
-21115354 (base 6) to base 11
-391478
-131121102 (base 4) to base 16
-1d652
What is 630431 (base 8) in base 7?
1530563
What is -f840e (base 16) in base 4?
-3320100032
188564 (base 9) to base 5
12232312
Convert 697208 (base 10) to base 5.
134302313
What is 110401320 (base 6) in base 12?
800240
What is -551012 (base 6) in base 14?
-12880
What is -1426576 (base 9) in base 3?
-1110220122120
3a3548 (base 13) to base 4
11113200021
What is 218888 (base 9) in base 16?
20093
Convert -2481157 (base 10) to base 9.
-4601451
-1909079 (base 14) to base 6
-1121355043
What is -71605 (base 9) in base 6?
-1002135
-140074 (base 8) to base 2
-1100000000111100
What is 9c6a0 (base 13) in base 10?
284557
120034041 (base 5) to base 12
225a47
What is 93ab45 (base 14) in base 15?
6871eb
What is 5453 (base 13) in base 3?
121002102
Convert 210132023100 (base 4) to base 2.
100100011110001011010000
Convert 186570 (base 13) to base 16.
95e0b
-256e96 (base 16) to base 6
-124325050
-49a92 (base 12) to base 3
-12002020102
What is 101100000000100011011 (base 2) in base 12?
59664b
What is -5e2eb (base 15) in base 14?
-7b9d4
Convert 102223330210 (base 4) to base 8.
22537444
What is 101102012 (base 3) in base 15?
23b2
Convert -10111100101101100001 (base 2) to base 9.
-1407265
-1055473 (base 8) to base 4
-1011230323
What is 882037 (base 9) in base 12?
214744
Convert -223425050 (base 6) to base 11.
-2346878
Convert 9b2a9 (base 14) to base 11.
237935
-3052032 (base 6) to base 3
-21110111202
Convert -6200787 (base 11) to base 15.
-e6525a
Convert 32052e (base 15) to base 13.
65470a
What is 5dc08 (base 14) in base 3?
102200122200
What is 7e1b9 (base 16) in base 7?
4250640
-2002020303 (base 5) to base 7
-45323315
What is -21200021202200 (base 3) in base 16?
-3e41aa
What is 30b5e (base 15) in base 14?
403d5
What is -321033331 (base 5) in base 6?
-44503523
Convert -133432343 (base 5) to base 4.
-2213220012
Convert -4332145 (base 8) to base 4.
-10123101211
1202011210000 (base 3) to base 16
e2b48
What is -957566 (base 10) in base 16?
-e9c7e
-125458 (base 9) to base 6
-1344425
-2483428 (base 9) to base 14
-273699
What is 10110110001100000 (base 2) in base 12?
45b94
Convert -10422433 (base 7) to base 4.
-3122313133
Convert 10000001110111010 (base 2) to base 13.
24358
-361275 (base 8) to base 7
-1023203
What is 4730884 (base 9) in base 10?
2559514
-122222211201121 (base 3) to base 6
-540544154
Convert 110040341 (base 5) to base 12.
1a892a
365574 (base 9) to base 11
140843
Convert -793512 (base 11) to base 12.
-50b3b5
-22721275 (base 8) to base 15
-67da76
Convert -100123033110 (base 4) to base 9.
-8082486
What is -31332114 (base 5) in base 13?
-92070
-12642362 (base 10) to base 16
-c0e83a
What is 58877 (base 13) in base 14?
42d95
What is 92a43 (base 13) in base 11?
16a812
What is -107787 (base 10) in base 14?
-2b3d1
Convert -11011101111001011 (base 2) to base 6.
-2233551
Convert -168 (base 14) to base 11.
-242
-114229 (base 11) to base 2
-101100010000101001
Convert -6019305 (base 10) to base 7.
-102106665
What is -110216 (base 10) in base 14?
-2c248
What is 662979 (base 10) in base 16?
a1dc3
Convert -93433 (base 13) to base 9.
-442561
What is 101316 (base 11) in base 3?
22021021020
2124400 (base 6) to base 13
3885c
Convert -101000233233 (base 4) to base 15.
-5d1503
Convert 1b7c (base 13) to base 10.
4159
-171a9 (base 16) to base 4
-113012221
Convert -131235254 (base 6) to base 11.
-1507481
What is -225403 (base 7) in base 10?
-40330
What is 654520 (base 11) in base 14?
1d2ddc
Convert -2020311112 (base 4) to base 5.
-120413340
Convert 67677 (base 12) to base 16.
218fb
What is -3b811 (base 12) in base 6?
-1433221
-110100010011011011 (base 2) to base 12
-a3b8b
Convert 5fbc0 (base 16) to base 12.
16ab14
What is 26072 (base 10) in base 3?
1022202122
Convert